3*m - 3*b = 848. Suppose 5*f = 5*z - m, -z + 5*f + 29 = -26. What is the tens digit of z?
4
Suppose -2*k + w = 2*w - 6, -3*k = 3*w - 9. What is the units digit of 1 - k - (6 - 12)?
4
Let h = 27 + -15. Suppose 2*d - 6 = h. What is the units digit of d?
9
Let v(m) = 42*m + 1. What is the tens digit of v(3)?
2
Let w be (-176)/(-18) + 2/9. Let v = w - 5. Suppose -v*j + j = -24. What is the units digit of j?
6
Suppose -2*s + 5*h = -3*s + 12, -5*h + 2 = -4*s. What is the units digit of (s/4)/((-7)/(-238))?
7
Let d(l) be the first derivative of 4 + 16*l - 1/2*l**2. What is the units digit of d(8)?
8
Suppose -9*u = -866 - 88. What is the units digit of u?
6
Let p be (9/6)/((-9)/(-12)). Suppose -p*n - n + 17 = 2*g, -3*n = g - 13. What is the units digit of g?
4
Let y be (-2)/(-6) + 130/15. Let k = 5 + y. What is the tens digit of k?
1
Let q(u) = u**3 + 3*u**2 - 5*u + 2. Let a be (4 - (0 + 2)) + 1. Suppose -m + 4*x = 2 - 10, -x = a. What is the units digit of q(m)?
6
Suppose 0*n = n - 2. Suppose n*m - 5*c = 23 + 28, -3*m = -5*c - 64. What is the units digit of m?
3
What is the units digit of ((-690)/25)/(15/(-50))?
2
Suppose -2*l - 8 + 24 = 0. Let m be (6 - l)*(-10)/(-4). Let k(w) = w**3 + 5*w**2 - 3*w - 4. What is the tens digit of k(m)?
1
Let y be 8/(4/6*1). Let x = -23 + y. Let i = 17 + x. What is the units digit of i?
6
Let c be (-9)/(-6)*(-4)/(-3). Suppose 5*w - 31 = -3*n, -n = c*n - w - 37. Suppose -5*x + 3*x + n = 0. What is the units digit of x?
6
Suppose -7 = -5*o - 2*j, -1 - 5 = -3*o - 3*j. What is the units digit of o?
1
Suppose 2*s - 11 = -29. Let t(r) = r**3 + 8*r**2 - 10*r + 12. Let f be t(s). Let l = f + -11. What is the units digit of l?
0
Suppose 4*o + 2*s = -26, -3*o - s = -2*s + 17. Let d be 93/2 - (-3)/o. Let q = -33 + d. What is the units digit of q?
3
Suppose -f = 3*s - 9, -6 = 5*s + 4*f - 21. Suppose 0 = -3*d - i + 16, 0*i = s*d - 3*i. What is the units digit of d?
4
Suppose 103 = 3*i - 248. What is the units digit of i?
7
Suppose 4*q - 3*i - 67 = -0*i, -5*q - 2*i = -78. Suppose -5*f + 54 + q = 0. What is the units digit of f?
4
Suppose 2*x + 4*p = 188, -x + 2*p = -5*x + 394. Let z = x - 66. What is the units digit of z?
4
Suppose 4*d + 1 + 103 = 0. Let m = d - -38. What is the units digit of m?
2
Suppose -t = -0*t - 74. Suppose 6 = -2*f + t. Suppose 2 = -4*s + f. What is the units digit of s?
8
Let l(k) = 15*k + 17. What is the tens digit of l(10)?
6
Let b = 21 + -18. Suppose 4*t = -i + 56, -i + 195 = 4*i + b*t. What is the units digit of i?
6
Let a be (0/(-6))/(4/(-2)). Let b be (-2 + a)*(-1 + 3). Let k = b + 8. What is the units digit of k?
4
Let x = 219 - 130. What is the units digit of x?
9
Let w(j) = -j + 18. What is the units digit of w(10)?
8
Let h be (4/6)/((-6)/(-396)). Suppose 3*g - h = -g. Suppose 0 = 5*o - g + 1. What is the units digit of o?
2
Suppose -25 = 5*j - 130. What is the tens digit of j?
2
Let s(l) = -15*l**3 - 15*l**2 + 17*l - 2. Let q(u) = 7*u**3 + 7*u**2 - 8*u + 1. Let p(r) = 13*q(r) + 6*s(r). What is the units digit of p(2)?
9
Let b(c) = -c**3 - 6*c**2 + 11*c - 2. What is the units digit of b(-9)?
2
Suppose -2*k + 19 - 3 = 0. Suppose 5*u + 17 = -f, k*f - 3*f = -5*u - 5. What is the units digit of (f/(-2))/((-2)/4)?
3
Suppose 8*n = 4*n. Suppose -2*d - d + 3 = n. What is the tens digit of 1*(d*-2 + 14)?
1
Suppose 11*t = -3*t + 770. What is the tens digit of t?
5
Let i(l) = l - 1. Let w(r) = r**2 + r + 2. Let n be (0 - -2 - 3)*2. Let y be w(n). What is the units digit of i(y)?
3
Let t = 8 + -4. Let k(a) = -20*a + 4*a - t + 4. What is the units digit of k(-1)?
6
Let o be 139 + (8/4)/(-2). What is the units digit of o*(-2 - (-7)/3)?
6
Let q = 14 - 3. What is the units digit of q?
1
Suppose 4*c - 6 = 334. What is the units digit of c?
5
Suppose 4*z + 2*f - 332 - 126 = 0, 478 = 4*z - 2*f. What is the tens digit of z?
1
Let p(h) = h**2 + h + 20. What is the tens digit of p(0)?
2
Suppose -19 = -4*p + 5. Let v be 2 + (-6)/(p/2). Suppose v = s + 2*s - 21. What is the units digit of s?
7
Suppose -2*m + 0*m = 4*z - 560, -m = -2*z + 288. What is the hundreds digit of z?
1
Suppose -k = k - 22. Suppose 0*s - 28 = 4*s. Let x = s + k. What is the units digit of x?
4
Suppose 2 + 0 = -m. Let y(p) = -p**2 - 11*p - 8. Let f(i) = i**2 + 10*i + 7. Let d(b) = m*y(b) - 3*f(b). What is the units digit of d(-5)?
0
Suppose 2*s - 71 = -27. What is the units digit of s?
2
Let t = 10 + -11. What is the units digit of 38 - (t + 5 + -4)?
8
Suppose 0 = -2*o + 48 + 50. What is the units digit of 553/o + (-2)/7?
1
Suppose b + 0*b + 17 = -4*k, 5*b + 4*k = -53. Let p be (b/(-6))/((-3)/(-30)). Suppose -2*w + 22 = 2*w - 2*a, 0 = -3*a - p. What is the units digit of w?
3
Suppose 7*v - 13*v = -1068. What is the tens digit of v?
7
Suppose 0 = -17*z + 12*z + 1215. What is the hundreds digit of z?
2
Let b(t) = 3*t**2 - 5*t**2 + 3*t**2 - 11 - 11*t + 0*t**2. What is the units digit of b(12)?
1
Let s be (-4)/(-18) + 235/(-45). Let j = -4 - s. Let r = j + 2. What is the units digit of r?
3
Suppose -2*b = -4*x, 5*b + 4*x = 3*x. Suppose 0 = -b*l + 3*l - 57. What is the units digit of l?
9
Suppose -d - 2*s + 14 = 0, 0 = 4*d + d + s - 25. Let c be (-128)/(-56) - 2/7. Suppose 5*p = 5*y + 25, -p = -d*p + c*y + 13. What is the units digit of p?
3
Suppose -2*z + 10 = 3*z. Suppose -4*m = z*p - 30, 28 = 2*p - 2*m + 4*m. What is the units digit of p?
3
Let w(n) = 17*n + 1. Let r be w(2). Suppose -r = -3*c - 2*c - 3*g, g - 21 = -4*c. Suppose -c*v = -30 + 6. What is the units digit of v?
6
Let z(x) = -x. Let f be z(1). Let j = 2 - f. Let o = 5 - j. What is the units digit of o?
2
Let j = 17 + -13. Let h = j + 11. What is the tens digit of h?
1
Suppose 0 = -r + 1 + 1. Suppose -3*a + 2 = -r*a. What is the units digit of ((-3)/(-3) - a)*-3?
3
Suppose f + 2*a = 29, 8*a = 3*f + 3*a - 65. What is the tens digit of f?
2
Let p = -6 + 11. Suppose 3*g = 22 + p. Let w = g - -11. What is the tens digit of w?
2
What is the tens digit of (-3)/7 + 818/14?
5
What is the tens digit of -4*(-3*11 - 2)?
4
Let x(k) = -3*k - 5. Suppose -2*q - q - 15 = 0. Let p be x(q). What is the units digit of p/14 - 4/(-14)?
1
Let w = 7 - 22. Let r(k) = -k**2 - 18*k - 8. What is the tens digit of r(w)?
3
Let a(t) = t**2 - 11*t - 69. What is the tens digit of a(21)?
4
Let a = 28 + -5. Suppose 4*w - o = a + 9, -2*w + 26 = -3*o. What is the units digit of w?
7
What is the units digit of (-1)/((2 - (-70)/(-23)) + 1)?
3
Let v = 16 + -14. Let p(m) = -m**3 + 3*m - 1. Let i be p(2). What is the units digit of (i/6)/(v/(-4))?
1
Let a = 101 + -67. What is the tens digit of a?
3
Suppose 7*z - 8*z + 31 = 0. What is the tens digit of z?
3
Suppose 0 = -2*i + 137 + 3. What is the units digit of i?
0
Let n be (-26)/6 + 1/3. Let k = -2 - n. Suppose 0 = -4*q + 3*p + 16, 3 = -5*q - k*p - 0. What is the units digit of q?
1
Let j = -123 + 286. What is the tens digit of j?
6
Suppose 4 = f + 1. Suppose -5*k - d = 1, -f*k + k - 2*d - 2 = 0. Let w = k - -2. What is the units digit of w?
2
Suppose -2*z - 10 = -0*z - 4*v, -4*v + 35 = 3*z. Suppose 2*m = -x + 6, 5*m = -z*x + m + 24. Suppose 3*w - 19 + x = 0. What is the units digit of w?
5
Let x(n) = -2*n - 5. Let u be x(-8). Suppose -q + 2 = 2*g - u, -9 = -q + 2*g. What is the units digit of q?
1
Suppose r - 53 - 27 = 0. Suppose 4*k = -k + r. What is the units digit of k?
6
Let q = -22 - -46. Suppose 5*t - 71 = 5*s - 11, -t + q = 3*s. What is the units digit of 16/5 + (-3)/t?
3
Let z(f) = 2*f**2 + 4*f - 3. Let x be z(3). What is the units digit of x - 4/(8/(-6))?
0
Let z(l) = -5 + 3*l + 0 + 3. Suppose -2*p + 5*r + 31 = 0, 0*r - r = 5. What is the units digit of z(p)?
7
Let f(n) be the first derivative of -n**3/3 - 2*n**2 - n + 3. Let v be f(-2). Suppose 0 = -v*b - 34 + 82. What is the tens digit of b?
1
Let x = -117 + 312. What is the units digit of x?
5
Suppose -12*g + 96 = -11*g. What is the tens digit of g?
9
Let g(k) = 4 + 2*k - 5*k + 4*k**2 - 3*k + 1 + k**3. What is the units digit of g(-5)?
0
Suppose 2*c = 5*s + 3, s + 8 = -3*c + 21. Suppose -8 = -5*g - c*n + 44, -70 = -5*g + 5*n. What is the units digit of 44*(-1 - (-15)/g)?
1
Suppose 3*k + 28 = 5*n + 2*k, 0 = -4*n - 4*k + 8. Suppose -n*a - 10 = -5*c, a - 11 = 5*c + 3. What is the tens digit of (-5)/30 - 67/a?
1
Supp